se 9, what is 3 - 327652083?
-327652080
In base 7, what is 6355532131 + 0?
6355532131
In base 13, what is 19111 - 21?
190c0
In base 4, what is 21313301 - -13?
21313320
In base 14, what is 6d1 + 2a00?
32d1
In base 12, what is b5b543 - 48?
b5b4b7
In base 4, what is -2231123033 + 12?
-2231123021
In base 4, what is -2021321 - 23311211?
-31333132
In base 6, what is -1 - 313001104?
-313001105
In base 12, what is 3 + -9058ba53?
-9058ba50
In base 16, what is 10da - 128a?
-1b0
In base 14, what is 5 + 13ba6bd?
13ba6c4
In base 8, what is 140 + -301402?
-301242
In base 16, what is -1e2 + 24bca?
249e8
In base 5, what is 41131103214 - 2?
41131103212
In base 7, what is -20 - 2034053?
-2034103
In base 11, what is -2460 + -9480?
-10930
In base 3, what is -222022020 + 11011?
-222011002
In base 12, what is -611930 + -2?
-611932
In base 2, what is -111110010110110000110 + -10110?
-111110010110110011100
In base 2, what is -100000110101101101111110 + -100?
-100000110101101110000010
In base 7, what is -256141 - 65?
-256236
In base 5, what is 201044 - 30320?
120224
In base 16, what is d + -317960?
-317953
In base 4, what is 13000 - 110122220?
-110103220
In base 16, what is 3c77 - -8f5?
456c
In base 13, what is 17190ac - -5?
17190b4
In base 8, what is 31455503 - 10?
31455473
In base 13, what is -4 + -127510?
-127514
In base 12, what is 27 - 12353?
-12328
In base 9, what is 2 - -31851625?
31851627
In base 15, what is 8c5 + -10d4?
-70e
In base 7, what is 40 - 1056153?
-1056113
In base 15, what is 4bca814 + -2?
4bca812
In base 11, what is 106697316 + 4?
10669731a
In base 13, what is 82450 - -3a?
8248a
In base 10, what is 664849 - 488?
664361
In base 8, what is 16612112045 + 3?
16612112050
In base 14, what is -10678 - 136?
-107b0
In base 12, what is -4 + 79010b0?
79010a8
In base 13, what is 22c5 - -1a58?
4050
In base 4, what is 1 - 20121311311013?
-20121311311012
In base 16, what is 701e69 + 9?
701e72
In base 8, what is 652220 + -240?
651760
In base 14, what is d6 + 1c63d?
1c735
In base 7, what is 14 - 56456003?
-56455656
In base 11, what is -1102 - 253?
-1355
In base 11, what is -2504045 - 5?
-250404a
In base 7, what is 5 - 5511420665?
-5511420660
In base 13, what is 266227 + 0?
266227
In base 9, what is 585464 + 8?
585473
In base 4, what is 101 + -100012310021?
-100012303320
In base 5, what is -1144042102 + -4?
-1144042111
In base 10, what is -2 - -88037?
88035
In base 14, what is -a8 + -3102?
-31aa
In base 3, what is -1 - -2020020000011102?
2020020000011101
In base 14, what is 5 - -236946?
23694b
In base 14, what is -78 + dc92ba?
dc9242
In base 9, what is 727 - -231156?
231884
In base 7, what is -24 - 26640221?
-26640245
In base 12, what is -67 + 6697a1?
669736
In base 13, what is 5 + -11289c2?
-11289ba
In base 14, what is -406b6 + -a55?
-4132b
In base 14, what is 33a0 + 2b93c?
30cdc
In base 5, what is -134440344 + -101?
-134441000
In base 6, what is -2233 + -305002?
-311235
In base 6, what is 25 - 1200522123?
-1200522054
In base 3, what is 1111021010011021 + -12?
1111021010011002
In base 2, what is -1111010111111 + -10110101010110?
-100110000010101
In base 16, what is -4 + 1fcd90b?
1fcd907
In base 4, what is 20311003213 + -313?
20311002300
In base 13, what is -3bcc815 + -2?
-3bcc817
In base 7, what is 15 + -14515262?
-14515244
In base 9, what is -4031 - -3131?
-800
In base 13, what is 6 + 4b2760?
4b2766
In base 9, what is 1025 + -14153?
-13127
In base 16, what is 6 + -991704?
-9916fe
In base 10, what is -3 + 2241351?
2241348
In base 2, what is -100 + 101110100110101001100000?
101110100110101001011100
In base 7, what is -22215356 - 26?
-22215415
In base 15, what is 2 + 6d5390?
6d5392
In base 16, what is -90663db + 1?
-90663da
In base 16, what is 9a1e - -fc2?
a9e0
In base 2, what is 110101111001001 - -1000110011?
110110111111100
In base 14, what is b326 - 124?
b202
In base 12, what is 2312 + 7254?
9566
In base 12, what is -a76 + 14a43?
13b89
In base 5, what is -3242132002 - 204?
-3242132211
In base 16, what is 92 - -165d5?
16667
In base 12, what is 9 - -1727114?
1727121
In base 10, what is 5 + -24192083?
-24192078
In base 16, what is -135aab - -18?
-135a93
In base 16, what is -1973 + a1ac?
8839
In base 13, what is bb12 - 58?
ba87
In base 13, what is 4 + 15b75769?
15b75770
In base 16, what is 243f8 + 1f?
24417
In base 15, what is 1119489d - 3?
1119489a
In base 14, what is 2 - 1120dbd5?
-1120dbd3
In base 13, what is -342751c + 3?
-3427519
In base 6, what is -501 + -220425?
-221330
In base 15, what is -53d1c8 + -5?
-53d1cd
In base 2, what is 1 + -111000010100011011110?
-111000010100011011101
In base 3, what is -20021 - 12101001112?
-12101021210
In base 16, what is 41c3 + b13?
4cd6
In base 9, what is -10878067 + 3?
-10878064
In base 10, what is -368776 - 32?
-368808
In base 14, what is 7a40 - 104?
793a
In base 4, what is -11231210 - -213322?
-11011222
In base 14, what is -a + -24065?
-24071
In base 10, what is 7269740 + 2?
7269742
In base 15, what is b8 - bbd3?
-bb1a
In base 3, what is 20022201 + 122110?
20222011
In base 16, what is 137 + c2a6?
c3dd
In base 11, what is 17 - -124091?
1240a8
In base 6, what is 1445 - 241332?
-235443
In base 16, what is 14224c14 - -2?
14224c16
In base 11, what is -448143 + -3?
-448146
In base 3, what is -210 - -112112020122111?
112112020121201
In base 3, what is 1022 - 20020201121010?
-20020201112211
In base 4, what is 3 + -120210121?
-120210112
In base 12, what is 56107 - b8?
5600b
In base 4, what is 210313303 + 30031?
211010000
In base 16, what is -71 - 76b0?
-7721
In base 3, what is -110112121102222201 + -11?
-110112121102222212
In base 9, what is 25334170 - -1?
25334171
In base 5, what is 1100 - 23034432?
-23033332
In base 5, what is -104 + -12113102?
-12113211
In base 16, what is -36 - 498e65?
-498e9b
In base 4, what is -11 - -13100022312?
13100022301
In base 3, what is 112022102 - -20010112210?
20122212012
In base 12, what is 2 - -910911?
910913
In base 4, what is -310230233200 - 10?
-310230233210
In base 16, what is -b19b + -cb3?
-be4e
In base 8, what is 1322015 - -5361?
1327376
In base 6, what is 2054 - -3043354?
3045452
In base 2, what is -1010 + -1000100001011011000100?
-1000100001011011001110
In base 15, what is cac + 854d?
930a
In base 5, what is 3422 - -1041304?
1100231
In base 2, what is 101101111011111110 + 1100?
101101111100001010
In base 5, what is 12031003 - 1334?
12024114
In base 6, what is 101502 - 212551?
-111045
In base 2, what is 1010001 + 10001011011011001?
10001011100101010
In base 8, what is -1546 - 23424?
-25172
In base 6, what is 1151 + -12224?
-11033
In base 4, what is -220 - 10100023132?
-10100030012
In base 6, what is 35143323 + 540?
35144303
In base 8, what is 10 + -175563?
-175553
In base 6, what is 5 - -22413440404?
22413440413
In base 7, what is 31 - -31332122?
31332153
In base 13, what is bb12cb0 + 4?
bb12cb4
In base 5, what is -21140 + 3133331?
3112141
In base 11, what is -33 - 16423?
-16456
In base 13, what is 48 - 41b87?
-41b3c
In base 11, what is 1289 + -8719?
-7440
In base 6, what is -5404 + 334134?
324330
In base 11, what is 0 + 14007213?
14007213
In base 3, what is 1101 + 10011101002022?
10011101010200
In base 4, what is -2021 + 13331202?
13323121
In base 12, what is 41 + -14322?
-142a1
In base 6, what is -1415 + 22202030?
22200211
In base 7, what is -1101 + -144033?
-145134
In base 13, what is 4 - 1a343385?
-1a343381
In base 7, what is -5 - 120330222?
-120330230
In base 12, what is -4 - 1909356?
-190935a
In base 2, what is 1000101101010000001 + 11?
1000101101010000100
In base 13, what is -28534 + 16b?
-28396
In base 4, what is 110130 - 3210332?
-3100202
In base 7, what is 5341 + -430363?
-422022
In base 11, what is -72a - 1626?
-2255
In base 6, what is -3001 - 221235?
-224240
In base 6, what is -2110133402 - 32?
-2110133434
In base 16, what is -3 + 2763ebd?
2763eba
In base 11, what is -52a21723 - -2?
-52a21721
In base 8, what is 63511113 - -2?
63511115
In base 9, what is 23840471 + 2?
23840473
In base 15, what is -2e7b67b - -2a?
-2e7b651
In base 2, what is 10000000111000 + -111100011111011?
-101100011000011
In base 15, what is -680 + 1bedd?
1b85d
In base 5, what is 1322 + 3414204?
3421031
In base 2, what is 11001011 + 110100110100110110100?
110100110101001111111
In base 5, what is -114434132 + 1